{"id":759,"date":"2025-08-29T10:40:01","date_gmt":"2025-08-29T08:40:01","guid":{"rendered":"https:\/\/epoxynajka.pl\/?post_type=product&#038;p=759"},"modified":"2025-11-19T15:46:14","modified_gmt":"2025-11-19T14:46:14","slug":"breloczek-gozdzik-krwawnik-niezapominajka","status":"publish","type":"product","link":"https:\/\/epoxynajka.pl\/index.php\/produkt\/breloczek-gozdzik-krwawnik-niezapominajka\/","title":{"rendered":"Breloczek go\u017adzik krwawnik &#038; niezapominajka"},"content":{"rendered":"<p><strong>Srebrny breloczek\u00a0 w kszta\u0142cie serca z \u017cywicy zatopionym go\u017adzikiem, krwawnikiem i niezapominajkami<\/strong><\/p>\n<p>Unikalny dodatek wykonany z \u017cywicy, w kt\u00f3rej zatopione s\u0105 delikatne, r\u0119cznie zbierane kwiaty. Breloczek stanowi idealn\u0105 ozdob\u0119 do kluczy, torebki czy plecaka.<\/p>\n<p>Materia\u0142 : \u017cywica z zatopionymi kwiatami,\u00a0breloczek z \u017celaza.<\/p>\n<p>Zdj\u0119cie ma charakter pogl\u0105dowy. Ka\u017cdy przedmiot mo\u017ce nieznacznie r\u00f3\u017cni\u0107 si\u0119 od zdj\u0119cia \u2013 to naturalne przy tworzeniu r\u0119kodzie\u0142a z prawdziwych ro\u015blin.<\/p>\n<p>&nbsp;<\/p>\n<p>&nbsp;<\/p>\n","protected":false},"excerpt":{"rendered":"<p>Srebrny breloczek\u00a0 w kszta\u0142cie serca z \u017cywicy zatopionym go\u017adzikiem, krwawnikiem i niezapominajkami<\/p>\n","protected":false},"featured_media":760,"template":"","meta":[],"product_brand":[],"product_cat":[22],"product_tag":[],"class_list":{"0":"post-759","1":"product","2":"type-product","3":"status-publish","4":"has-post-thumbnail","6":"product_cat-breloczki","7":"product_shipping_class-mini","9":"first","10":"instock","11":"sale","12":"shipping-taxable","13":"purchasable","14":"product-type-simple"},"_links":{"self":[{"href":"https:\/\/epoxynajka.pl\/index.php\/wp-json\/wp\/v2\/product\/759","targetHints":{"allow":["GET"]}}],"collection":[{"href":"https:\/\/epoxynajka.pl\/index.php\/wp-json\/wp\/v2\/product"}],"about":[{"href":"https:\/\/epoxynajka.pl\/index.php\/wp-json\/wp\/v2\/types\/product"}],"wp:featuredmedia":[{"embeddable":true,"href":"https:\/\/epoxynajka.pl\/index.php\/wp-json\/wp\/v2\/media\/760"}],"wp:attachment":[{"href":"https:\/\/epoxynajka.pl\/index.php\/wp-json\/wp\/v2\/media?parent=759"}],"wp:term":[{"taxonomy":"product_brand","embeddable":true,"href":"https:\/\/epoxynajka.pl\/index.php\/wp-json\/wp\/v2\/product_brand?post=759"},{"taxonomy":"product_cat","embeddable":true,"href":"https:\/\/epoxynajka.pl\/index.php\/wp-json\/wp\/v2\/product_cat?post=759"},{"taxonomy":"product_tag","embeddable":true,"href":"https:\/\/epoxynajka.pl\/index.php\/wp-json\/wp\/v2\/product_tag?post=759"}],"curies":[{"name":"wp","href":"https:\/\/api.w.org\/{rel}","templated":true}]}}