{"id":694,"date":"2025-08-29T05:44:51","date_gmt":"2025-08-29T03:44:51","guid":{"rendered":"https:\/\/epoxynajka.pl\/?post_type=product&#038;p=694"},"modified":"2025-11-18T15:51:25","modified_gmt":"2025-11-18T14:51:25","slug":"zloty-naszyjnik-serce-niezapominajka","status":"publish","type":"product","link":"https:\/\/epoxynajka.pl\/index.php\/produkt\/zloty-naszyjnik-serce-niezapominajka\/","title":{"rendered":"Z\u0142oty naszyjnik serce niezapominajka"},"content":{"rendered":"<p>Elegancki naszyjnik wykonany z \u017cywicy, w kt\u00f3rej zatopiony zosta\u0142 subtelny kwiat niezapominajki. Niezapominajka to symbol pami\u0119ci, wierno\u015bci i prawdziwego uczucia. Zawieszka ma oryginaln\u0105 form\u0119, \u0142\u0105cz\u0105c\u0105 naturalne pi\u0119kno kwiat\u00f3w z nowoczesnym, artystycznym designem.<\/p>\n<p>Materia\u0142 : \u017cywica z zatopionymi kwiatami niezapominajki, z\u0142oty \u0142a\u0144cuszek z \u017celaza, zlota zawieszka ze stopu cynku .<\/p>\n<p>Zdj\u0119cie ma charakter pogl\u0105dowy. Ka\u017cdy przedmiot mo\u017ce nieznacznie r\u00f3\u017cni\u0107 si\u0119 od zdj\u0119cia \u2013 to naturalne przy tworzeniu r\u0119kodzie\u0142a z prawdziwych ro\u015blin.<\/p>\n","protected":false},"excerpt":{"rendered":"<p>Z\u0142oty naszyjnik serce z zatopionym kwiatem niezapominajki.<\/p>\n","protected":false},"featured_media":683,"template":"","meta":[],"product_brand":[],"product_cat":[21,20],"product_tag":[],"class_list":{"0":"post-694","1":"product","2":"type-product","3":"status-publish","4":"has-post-thumbnail","6":"product_cat-bizuteria","7":"product_cat-naszyjniki","8":"product_shipping_class-mini","10":"first","11":"instock","12":"sale","13":"shipping-taxable","14":"purchasable","15":"product-type-simple"},"_links":{"self":[{"href":"https:\/\/epoxynajka.pl\/index.php\/wp-json\/wp\/v2\/product\/694","targetHints":{"allow":["GET"]}}],"collection":[{"href":"https:\/\/epoxynajka.pl\/index.php\/wp-json\/wp\/v2\/product"}],"about":[{"href":"https:\/\/epoxynajka.pl\/index.php\/wp-json\/wp\/v2\/types\/product"}],"wp:featuredmedia":[{"embeddable":true,"href":"https:\/\/epoxynajka.pl\/index.php\/wp-json\/wp\/v2\/media\/683"}],"wp:attachment":[{"href":"https:\/\/epoxynajka.pl\/index.php\/wp-json\/wp\/v2\/media?parent=694"}],"wp:term":[{"taxonomy":"product_brand","embeddable":true,"href":"https:\/\/epoxynajka.pl\/index.php\/wp-json\/wp\/v2\/product_brand?post=694"},{"taxonomy":"product_cat","embeddable":true,"href":"https:\/\/epoxynajka.pl\/index.php\/wp-json\/wp\/v2\/product_cat?post=694"},{"taxonomy":"product_tag","embeddable":true,"href":"https:\/\/epoxynajka.pl\/index.php\/wp-json\/wp\/v2\/product_tag?post=694"}],"curies":[{"name":"wp","href":"https:\/\/api.w.org\/{rel}","templated":true}]}}