{"id":312,"date":"2025-08-25T14:10:22","date_gmt":"2025-08-25T12:10:22","guid":{"rendered":"https:\/\/epoxynajka.pl\/?post_type=product&#038;p=312"},"modified":"2025-11-19T13:43:00","modified_gmt":"2025-11-19T12:43:00","slug":"miseczka-kwiat-zlocien-niezapominajka","status":"publish","type":"product","link":"https:\/\/epoxynajka.pl\/index.php\/produkt\/miseczka-kwiat-zlocien-niezapominajka\/","title":{"rendered":"Miseczka kwiat z\u0142ocie\u0144 &#038; niezapominajka"},"content":{"rendered":"<p><strong>Miseczka z \u017cywicy z niezapominajkami i z\u0142ocieniami<\/strong><\/p>\n<p>&nbsp;<\/p>\n<p>Delikatna, r\u0119cznie wykonana miseczka z \u017cywicy, w kt\u00f3rej zatopiono niezapominajki i z\u0142ocienie.\u00a0 Niewielki rozmiar czyni j\u0105 niezwykle uniwersaln\u0105 i praktyczn\u0105. Idealna do przechowywania pier\u015bcionk\u00f3w, kolczyk\u00f3w, drobnych ozd\u00f3b lub do serwowania przek\u0105sek. Mo\u017ce te\u017c pe\u0142ni\u0107 funkcj\u0119 dekoracyjnego akcentu na toaletce, komodzie czy biurku. Ka\u017cda miseczka to unikalny ma\u0142y ogr\u00f3d utrwalony na zawsze \u2013 pi\u0119kna i praktyczna w jednym.<\/p>\n<p>Zdj\u0119cie ma charakter pogl\u0105dowy. Ka\u017cdy przedmiot mo\u017ce nieznacznie r\u00f3\u017cni\u0107 si\u0119 od zdj\u0119cia \u2013 to naturalne przy tworzeniu r\u0119kodzie\u0142a z prawdziwych ro\u015blin.<\/p>\n","protected":false},"excerpt":{"rendered":"<p><strong>Miseczka z \u017cywicy z niezapominajkami i z\u0142ocieniami<\/strong><\/p>\n","protected":false},"featured_media":298,"template":"","meta":[],"product_brand":[],"product_cat":[18,34],"product_tag":[],"class_list":{"0":"post-312","1":"product","2":"type-product","3":"status-publish","4":"has-post-thumbnail","6":"product_cat-do-domu","7":"product_cat-miseczki","8":"product_shipping_class-srednia","10":"first","11":"instock","12":"sale","13":"shipping-taxable","14":"purchasable","15":"product-type-simple"},"_links":{"self":[{"href":"https:\/\/epoxynajka.pl\/index.php\/wp-json\/wp\/v2\/product\/312","targetHints":{"allow":["GET"]}}],"collection":[{"href":"https:\/\/epoxynajka.pl\/index.php\/wp-json\/wp\/v2\/product"}],"about":[{"href":"https:\/\/epoxynajka.pl\/index.php\/wp-json\/wp\/v2\/types\/product"}],"wp:featuredmedia":[{"embeddable":true,"href":"https:\/\/epoxynajka.pl\/index.php\/wp-json\/wp\/v2\/media\/298"}],"wp:attachment":[{"href":"https:\/\/epoxynajka.pl\/index.php\/wp-json\/wp\/v2\/media?parent=312"}],"wp:term":[{"taxonomy":"product_brand","embeddable":true,"href":"https:\/\/epoxynajka.pl\/index.php\/wp-json\/wp\/v2\/product_brand?post=312"},{"taxonomy":"product_cat","embeddable":true,"href":"https:\/\/epoxynajka.pl\/index.php\/wp-json\/wp\/v2\/product_cat?post=312"},{"taxonomy":"product_tag","embeddable":true,"href":"https:\/\/epoxynajka.pl\/index.php\/wp-json\/wp\/v2\/product_tag?post=312"}],"curies":[{"name":"wp","href":"https:\/\/api.w.org\/{rel}","templated":true}]}}