{"id":301,"date":"2025-08-25T11:08:23","date_gmt":"2025-08-25T09:08:23","guid":{"rendered":"https:\/\/epoxynajka.pl\/?post_type=product&#038;p=301"},"modified":"2025-12-01T20:31:32","modified_gmt":"2025-12-01T19:31:32","slug":"szkatulka-roza-nagietek-zloto","status":"publish","type":"product","link":"https:\/\/epoxynajka.pl\/index.php\/produkt\/szkatulka-roza-nagietek-zloto\/","title":{"rendered":"Szkatu\u0142ka R\u00f3\u017ca nagietek &#038; z\u0142oto"},"content":{"rendered":"<p><strong>Szkatu\u0142ka R\u00f3\u017ca nagietek &amp; z\u0142oto<\/strong><\/p>\n<p>R\u0119cznie wykonana szkatu\u0142ka z \u017cywicy, w kt\u00f3rej zatopiono prawdziwe p\u0142atki r\u00f3\u017cy, kwiaty nagietka i delikatne z\u0142ote akcenty. Idealna do przechowywania bi\u017cuterii, drobnych pami\u0105tek lub jako dekoracyjny element wn\u0119trza. Ka\u017cda sztuka to unikat \u2013 subtelne pi\u0119kno zamkni\u0119te w formie.<\/p>\n<p>Zdj\u0119cie ma charakter pogl\u0105dowy. Ka\u017cdy przedmiot mo\u017ce nieznacznie r\u00f3\u017cni\u0107 si\u0119 od zdj\u0119cia \u2013 to naturalne przy tworzeniu r\u0119kodzie\u0142a z prawdziwych ro\u015blin.<\/p>\n","protected":false},"excerpt":{"rendered":"<p><strong>Szkatu\u0142ka z \u017cywicy z p\u0142atkami r\u00f3\u017cy, nagietkiem i z\u0142otym akcentem<\/strong><\/p>\n","protected":false},"featured_media":291,"template":"","meta":[],"product_brand":[],"product_cat":[18,40,39],"product_tag":[],"class_list":{"0":"post-301","1":"product","2":"type-product","3":"status-publish","4":"has-post-thumbnail","6":"product_cat-do-domu","7":"product_cat-inne","8":"product_cat-szkatulki","9":"product_shipping_class-srednia","11":"first","12":"instock","13":"shipping-taxable","14":"purchasable","15":"product-type-simple"},"_links":{"self":[{"href":"https:\/\/epoxynajka.pl\/index.php\/wp-json\/wp\/v2\/product\/301","targetHints":{"allow":["GET"]}}],"collection":[{"href":"https:\/\/epoxynajka.pl\/index.php\/wp-json\/wp\/v2\/product"}],"about":[{"href":"https:\/\/epoxynajka.pl\/index.php\/wp-json\/wp\/v2\/types\/product"}],"wp:featuredmedia":[{"embeddable":true,"href":"https:\/\/epoxynajka.pl\/index.php\/wp-json\/wp\/v2\/media\/291"}],"wp:attachment":[{"href":"https:\/\/epoxynajka.pl\/index.php\/wp-json\/wp\/v2\/media?parent=301"}],"wp:term":[{"taxonomy":"product_brand","embeddable":true,"href":"https:\/\/epoxynajka.pl\/index.php\/wp-json\/wp\/v2\/product_brand?post=301"},{"taxonomy":"product_cat","embeddable":true,"href":"https:\/\/epoxynajka.pl\/index.php\/wp-json\/wp\/v2\/product_cat?post=301"},{"taxonomy":"product_tag","embeddable":true,"href":"https:\/\/epoxynajka.pl\/index.php\/wp-json\/wp\/v2\/product_tag?post=301"}],"curies":[{"name":"wp","href":"https:\/\/api.w.org\/{rel}","templated":true}]}}